{"id":1441,"date":"2020-10-31T13:53:12","date_gmt":"2020-10-31T13:53:12","guid":{"rendered":"http:\/\/canals.gob.ar\/?page_id=1441"},"modified":"2020-10-31T14:50:35","modified_gmt":"2020-10-31T14:50:35","slug":"noticias-2","status":"publish","type":"page","link":"http:\/\/canals.gob.ar\/index.php\/noticias-2\/","title":{"rendered":"Noticias"},"content":{"rendered":"\n<p><\/p>\n\n\n<ul class=\"wp-block-latest-posts wp-block-latest-posts__list\"><li><div class=\"wp-block-latest-posts__featured-image alignleft\"><img width=\"300\" height=\"187\" src=\"http:\/\/canals.gob.ar\/wp-content\/uploads\/2022\/10\/WhatsApp-Image-2022-10-28-at-12.21.33-300x187.jpeg\" class=\"attachment-medium size-medium wp-post-image\" alt=\"Canals\" loading=\"lazy\" style=\"\" srcset=\"http:\/\/canals.gob.ar\/wp-content\/uploads\/2022\/10\/WhatsApp-Image-2022-10-28-at-12.21.33-300x187.jpeg 300w, http:\/\/canals.gob.ar\/wp-content\/uploads\/2022\/10\/WhatsApp-Image-2022-10-28-at-12.21.33-1024x640.jpeg 1024w, http:\/\/canals.gob.ar\/wp-content\/uploads\/2022\/10\/WhatsApp-Image-2022-10-28-at-12.21.33-768x480.jpeg 768w, http:\/\/canals.gob.ar\/wp-content\/uploads\/2022\/10\/WhatsApp-Image-2022-10-28-at-12.21.33.jpeg 1079w\" sizes=\"(max-width: 300px) 100vw, 300px\" \/><\/div><a href=\"http:\/\/canals.gob.ar\/index.php\/2022\/10\/28\/en-solo-30-meses-hicimos-todo-esto-por-canals\/\">En s\u00f3lo 30 meses hicimos todo esto por Canals<\/a><div class=\"wp-block-latest-posts__post-excerpt\"><\/div><\/li>\n<li><div class=\"wp-block-latest-posts__featured-image alignleft\"><img width=\"240\" height=\"300\" src=\"http:\/\/canals.gob.ar\/wp-content\/uploads\/2022\/09\/20220928_110216-240x300.jpg\" class=\"attachment-medium size-medium wp-post-image\" alt=\"\" loading=\"lazy\" style=\"\" srcset=\"http:\/\/canals.gob.ar\/wp-content\/uploads\/2022\/09\/20220928_110216-240x300.jpg 240w, http:\/\/canals.gob.ar\/wp-content\/uploads\/2022\/09\/20220928_110216-819x1024.jpg 819w, http:\/\/canals.gob.ar\/wp-content\/uploads\/2022\/09\/20220928_110216-768x960.jpg 768w, http:\/\/canals.gob.ar\/wp-content\/uploads\/2022\/09\/20220928_110216-1229x1536.jpg 1229w, http:\/\/canals.gob.ar\/wp-content\/uploads\/2022\/09\/20220928_110216.jpg 1424w\" sizes=\"(max-width: 240px) 100vw, 240px\" \/><\/div><a href=\"http:\/\/canals.gob.ar\/index.php\/2022\/09\/28\/un-pueblo-que-avanza-unido\/\">Un pueblo que avanza unido<\/a><div class=\"wp-block-latest-posts__post-excerpt\">Vecinas, vecinos y autoridades municipales encabezadas por el intendente Edgar Bruno trabajaron juntos en la colocaci\u00f3n de adoquinado. Trabajamos entre todos por el progreso de Canals.<\/div><\/li>\n<li><div class=\"wp-block-latest-posts__featured-image alignleft\"><img width=\"225\" height=\"300\" src=\"http:\/\/canals.gob.ar\/wp-content\/uploads\/2021\/11\/259588964_2696267020667339_831348782712707765_n-225x300.jpg\" class=\"attachment-medium size-medium wp-post-image\" alt=\"\" loading=\"lazy\" style=\"\" srcset=\"http:\/\/canals.gob.ar\/wp-content\/uploads\/2021\/11\/259588964_2696267020667339_831348782712707765_n-225x300.jpg 225w, http:\/\/canals.gob.ar\/wp-content\/uploads\/2021\/11\/259588964_2696267020667339_831348782712707765_n-768x1024.jpg 768w, http:\/\/canals.gob.ar\/wp-content\/uploads\/2021\/11\/259588964_2696267020667339_831348782712707765_n-1152x1536.jpg 1152w, http:\/\/canals.gob.ar\/wp-content\/uploads\/2021\/11\/259588964_2696267020667339_831348782712707765_n.jpg 1200w\" sizes=\"(max-width: 225px) 100vw, 225px\" \/><\/div><a href=\"http:\/\/canals.gob.ar\/index.php\/2021\/11\/23\/nueva-iluminacion-para-la-terminal-de-omnibus\/\">Nueva iluminaci\u00f3n para la Terminal de Omnibus<\/a><div class=\"wp-block-latest-posts__post-excerpt\">Finaliz\u00f3 la obra de iluminaci\u00f3n para la Estaci\u00f3n Terminal de Omnibus de nuestra ciudad. Se sustituyeron las antiguas luminarias por modernos sistemas de iluminaci\u00f3n LED para mayor seguridad y calidad del servicio para vecinos, vecinas y personas que visiten<\/div><\/li>\n<li><div class=\"wp-block-latest-posts__featured-image alignleft\"><img width=\"135\" height=\"300\" src=\"http:\/\/canals.gob.ar\/wp-content\/uploads\/2021\/11\/Viviendas-2-135x300.jpg\" class=\"attachment-medium size-medium wp-post-image\" alt=\"\" loading=\"lazy\" style=\"\" srcset=\"http:\/\/canals.gob.ar\/wp-content\/uploads\/2021\/11\/Viviendas-2-135x300.jpg 135w, http:\/\/canals.gob.ar\/wp-content\/uploads\/2021\/11\/Viviendas-2-461x1024.jpg 461w, http:\/\/canals.gob.ar\/wp-content\/uploads\/2021\/11\/Viviendas-2-768x1706.jpg 768w, http:\/\/canals.gob.ar\/wp-content\/uploads\/2021\/11\/Viviendas-2-692x1536.jpg 692w, http:\/\/canals.gob.ar\/wp-content\/uploads\/2021\/11\/Viviendas-2.jpg 922w\" sizes=\"(max-width: 135px) 100vw, 135px\" \/><\/div><a href=\"http:\/\/canals.gob.ar\/index.php\/2021\/11\/23\/avanza-la-construccion-de-las-44-viviendas-en-canals\/\">Avanza la construcci\u00f3n de las 44 viviendas en Canals<\/a><div class=\"wp-block-latest-posts__post-excerpt\">El intendente Edgar Bruno comparti\u00f3 un grato momento con vecinas y vecinos de Canals adjudicatarios de las 44 Viviendas mientras se constru\u00eda la platea de la septima vivienda del plan.<\/div><\/li>\n<li><div class=\"wp-block-latest-posts__featured-image alignleft\"><img width=\"300\" height=\"199\" src=\"http:\/\/canals.gob.ar\/wp-content\/uploads\/2021\/10\/135-aniversario-1-300x199.jpg\" class=\"attachment-medium size-medium wp-post-image\" alt=\"\" loading=\"lazy\" style=\"\" srcset=\"http:\/\/canals.gob.ar\/wp-content\/uploads\/2021\/10\/135-aniversario-1-300x199.jpg 300w, http:\/\/canals.gob.ar\/wp-content\/uploads\/2021\/10\/135-aniversario-1.jpg 596w\" sizes=\"(max-width: 300px) 100vw, 300px\" \/><\/div><a href=\"http:\/\/canals.gob.ar\/index.php\/2021\/10\/05\/en-nuestro-135-aniversario-inauguramos-el-espacio-cultural-chicha-pfleiderer\/\">En nuestro 135\u00b0 aniversario inauguramos el Espacio Cultural \u00abChicha Pfleiderer\u00bb<\/a><div class=\"wp-block-latest-posts__post-excerpt\">\u00a1Canals cumpli\u00f3 135 a\u00f1os y lo festejamos a lo grande! En el d\u00eda de nuestro 135\u00b0 aniversario inauguramos el Espacio Cultural \u00abChicha Pfleiderer\u00bb, lugar de encuentro para todas y todos los canalsenses. Mas im\u00e1genes de esta hist\u00f3rica jornada para<\/div><\/li>\n<\/ul>","protected":false},"excerpt":{"rendered":"","protected":false},"author":1,"featured_media":0,"parent":0,"menu_order":0,"comment_status":"closed","ping_status":"closed","template":"","meta":{"kt_blocks_editor_width":""},"_links":{"self":[{"href":"http:\/\/canals.gob.ar\/index.php\/wp-json\/wp\/v2\/pages\/1441"}],"collection":[{"href":"http:\/\/canals.gob.ar\/index.php\/wp-json\/wp\/v2\/pages"}],"about":[{"href":"http:\/\/canals.gob.ar\/index.php\/wp-json\/wp\/v2\/types\/page"}],"author":[{"embeddable":true,"href":"http:\/\/canals.gob.ar\/index.php\/wp-json\/wp\/v2\/users\/1"}],"replies":[{"embeddable":true,"href":"http:\/\/canals.gob.ar\/index.php\/wp-json\/wp\/v2\/comments?post=1441"}],"version-history":[{"count":2,"href":"http:\/\/canals.gob.ar\/index.php\/wp-json\/wp\/v2\/pages\/1441\/revisions"}],"predecessor-version":[{"id":1449,"href":"http:\/\/canals.gob.ar\/index.php\/wp-json\/wp\/v2\/pages\/1441\/revisions\/1449"}],"wp:attachment":[{"href":"http:\/\/canals.gob.ar\/index.php\/wp-json\/wp\/v2\/media?parent=1441"}],"curies":[{"name":"wp","href":"https:\/\/api.w.org\/{rel}","templated":true}]}}